{"id":9063,"date":"2022-08-03T10:28:46","date_gmt":"2022-08-03T08:28:46","guid":{"rendered":"https:\/\/www.moderatorenwerk.de\/jobs\/?post_type=resume&#038;p=9063"},"modified":"2023-11-29T11:53:02","modified_gmt":"2023-11-29T10:53:02","slug":"sabine-ggonib-ihre-charmante-und-kompetente-moderatorin-fuer-events-workshops-veranstaltungen-aller-art-frankreich-deutschland-nrw-koeln-berlin-muenchen-hamburg","status":"publish","type":"resume","link":"https:\/\/www.moderatorenwerk.de\/jobs\/Lebenslauf\/sabine-ggonib-ihre-charmante-und-kompetente-moderatorin-fuer-events-workshops-veranstaltungen-aller-art-frankreich-deutschland-nrw-koeln-berlin-muenchen-hamburg\/","title":{"rendered":"Sabine Weber"},"content":{"rendered":"<p>Menschen RAUM geben &#8211; das ist mein Motto und das lebe und liebe ich.<\/p>\n<p>Seit jeher ist der Kontakt zu Menschen das Wichtigste f\u00fcr mich. Ein respektvoller Umgang, eine offene und klare Kommunikation sind die Basis f\u00fcr jedes Miteinander \u2013 sei es privat oder beruflich. F\u00fcr mich standen immer schon der Mensch, sein Anliegen und seine Botschaft im Mittelpunkt. Moderation und Kommunikation ist meine Passion, meine Berufung.<\/p>\n<p>Authentizit\u00e4t, Empathie, Wertsch\u00e4tzung, Freude, Neugierde und Offenheit &#8211; das sind wohl die Eigenschaften, die mich am besten charakterisieren.<\/p>\n<p>Bei Firmenveranstaltungen, Workshops, Tagungen, Messen oder auch Produktpr\u00e4sentationen geht viel Information verloren, wenn nicht der richtige Ton getroffen wird. Ihnen hier den richtigen Rahmen f\u00fcr Ihre Inhalte zu bieten geh\u00f6rt genauso zu meinem Angebot, wie die Moderation von Kulturveranstaltungen, Konzerten und Gespr\u00e4chsrunden aller Art. Gerade bei schwierigen Themengebieten, die ein hohes Konfliktpotential mit sich bringen, ist eine professionelle und vor allem neutrale und unvoreingenommene Moderation von gro\u00dfem Nutzen und gerade bei Diskussionsrunden mit kontroversen Themen ist dies ein unsch\u00e4tzbares Gut.<\/p>\n<p>Mein Angebot: Moderation von<\/p>\n<p>Firmenveranstaltungen<br \/>\nWorkshops<br \/>\nTagungen<br \/>\nMessen<br \/>\nProduktpr\u00e4sentationen<br \/>\nPreisverleihungen<br \/>\nTalkrunden<br \/>\nKulturveranstaltungen<br \/>\nKonzerten<br \/>\nGalas<br \/>\nund vielem mehr.<\/p>\n<p>Als S\u00e4ngerin kann ich das Thema Moderation zus\u00e4tzlich mit Gesang verbinden &#8211; und mit meiner exzellenten Beherrschung der franz\u00f6sischen Sprache sind zweisprachige Moderationen deutsch-franz\u00f6sisch eine meiner St\u00e4rken.<\/p>\n<p>Diese Welt hat so viele interessante Themen und Menschen zu bieten &#8211; sch\u00f6n, wenn man sich in seinem Berufsleben mit vielen unterschiedlichen Sachverhalten auseinandersetzen darf.<\/p>\n<p>Meine Referenzen: T\u00dcV Rheinland Mobility, Walberer Sales &amp; Events,<br \/>\nE*Reith I Event*Experience*Emotion, TU Berlin, Fraunhofer IPK, Onyx Consulting, gsr Unternehmensberatung, Kroschke Gruppe, Creditplus, Villafrance, Culturespaces, The Voice Factory, Les Lumi\u00e8res e.V., Automobilwoche, Free2Move, PSA Retail, Autobutler<\/p>\n","protected":false},"author":712,"template":"","meta":{"_candidate_email":"moderation@sabine-weber.de","_candidate_title":"Ihre charmante und kompetente Moderatorin f\u00fcr Events, Workshops, Veranstaltungen aller Art","_candidate_location":"Frankreich, Deutschland, NRW, K\u00f6ln, Berlin, M\u00fcnchen, Hamburg","_candidate_photo":"https:\/\/www.moderatorenwerk.de\/jobs\/wp-content\/uploads\/job-manager-uploads\/candidate_photo\/2022\/08\/DSC06739.jpg","_featured":0},"resume-skill":[1486],"class_list":["post-9063","resume","type-resume","status-publish","hentry","resume_skill-zweisprachige-moderation-deutsch-franzoesisch"],"_links":{"self":[{"href":"https:\/\/www.moderatorenwerk.de\/jobs\/wp-json\/wp\/v2\/resumes\/9063","targetHints":{"allow":["GET"]}}],"collection":[{"href":"https:\/\/www.moderatorenwerk.de\/jobs\/wp-json\/wp\/v2\/resumes"}],"about":[{"href":"https:\/\/www.moderatorenwerk.de\/jobs\/wp-json\/wp\/v2\/types\/resume"}],"author":[{"embeddable":true,"href":"https:\/\/www.moderatorenwerk.de\/jobs\/wp-json\/wp\/v2\/users\/712"}],"wp:attachment":[{"href":"https:\/\/www.moderatorenwerk.de\/jobs\/wp-json\/wp\/v2\/media?parent=9063"}],"wp:term":[{"taxonomy":"resume_skill","embeddable":true,"href":"https:\/\/www.moderatorenwerk.de\/jobs\/wp-json\/wp\/v2\/resume-skill?post=9063"}],"curies":[{"name":"wp","href":"https:\/\/api.w.org\/{rel}","templated":true}]}}

<p>Menschen RAUM geben &#8211; das ist mein Motto und das lebe und liebe ich.</p>
<p>Seit jeher ist der Kontakt zu Menschen das Wichtigste für mich. Ein respektvoller Umgang, eine offene und klare Kommunikation sind die Basis für jedes Miteinander – sei es privat oder beruflich. Für mich standen immer schon der Mensch, sein Anliegen und seine Botschaft im Mittelpunkt. Moderation und Kommunikation ist meine Passion, meine Berufung.</p>
<p>Authentizität, Empathie, Wertschätzung, Freude, Neugierde und Offenheit &#8211; das sind wohl die Eigenschaften, die mich am besten charakterisieren.</p>
<p>Bei Firmenveranstaltungen, Workshops, Tagungen, Messen oder auch Produktpräsentationen geht viel Information verloren, wenn nicht der richtige Ton getroffen wird. Ihnen hier den richtigen Rahmen für Ihre Inhalte zu bieten gehört genauso zu meinem Angebot, wie die Moderation von Kulturveranstaltungen, Konzerten und Gesprächsrunden aller Art. Gerade bei schwierigen Themengebieten, die ein hohes Konfliktpotential mit sich bringen, ist eine professionelle und vor allem neutrale und unvoreingenommene Moderation von großem Nutzen und gerade bei Diskussionsrunden mit kontroversen Themen ist dies ein unschätzbares Gut.</p>
<p>Mein Angebot: Moderation von</p>
<p>Firmenveranstaltungen<br />
Workshops<br />
Tagungen<br />
Messen<br />
Produktpräsentationen<br />
Preisverleihungen<br />
Talkrunden<br />
Kulturveranstaltungen<br />
Konzerten<br />
Galas<br />
und vielem mehr.</p>
<p>Als Sängerin kann ich das Thema Moderation zusätzlich mit Gesang verbinden &#8211; und mit meiner exzellenten Beherrschung der französischen Sprache sind zweisprachige Moderationen deutsch-französisch eine meiner Stärken.</p>
<p>Diese Welt hat so viele interessante Themen und Menschen zu bieten &#8211; schön, wenn man sich in seinem Berufsleben mit vielen unterschiedlichen Sachverhalten auseinandersetzen darf.</p>
<p>Meine Referenzen: TÜV Rheinland Mobility, Walberer Sales &amp; Events,<br />
E*Reith I Event*Experience*Emotion, TU Berlin, Fraunhofer IPK, Onyx Consulting, gsr Unternehmensberatung, Kroschke Gruppe, Creditplus, Villafrance, Culturespaces, The Voice Factory, Les Lumières e.V., Automobilwoche, Free2Move, PSA Retail, Autobutler</p>

Ihre charmante und kompetente Moderatorin für Events, Workshops, Veranstaltungen aller Art

Frankreich, Deutschland, NRW, Köln, Berlin, München, Hamburg
