{"id":11782,"date":"2023-08-25T08:41:22","date_gmt":"2023-08-25T06:41:22","guid":{"rendered":"https:\/\/www.moderatorenwerk.de\/jobs\/?post_type=resume&#038;p=11782"},"modified":"2024-07-01T09:31:35","modified_gmt":"2024-07-01T07:31:35","slug":"carsten-b583akttlq-moderator-event-gala-messe-koeln","status":"publish","type":"resume","link":"https:\/\/www.moderatorenwerk.de\/jobs\/Lebenslauf\/carsten-b583akttlq-moderator-event-gala-messe-koeln\/","title":{"rendered":"Carsten Heling"},"content":{"rendered":"<p>REFERENZEN (Auszug)<\/p>\n<ul>\n<li>Moderation Au\u00dfenb\u00fchne EHF Final 4 2024 (Handball ChampionsLeague Finale), LANXESS arena, K\u00f6ln<\/li>\n<li>Moderation Au\u00dfenb\u00fchne EHF Final 4 2023 (Handball ChampionsLeague Finale), LANXESS arena, K\u00f6ln<\/li>\n<li>Werbesprecher diverser Online-Projekte (laufend)<\/li>\n<li>Moderation\/Mitwirkung Aufzeichnung Comedy-Lesung 4 Feinde, Literaturhaus K\u00f6ln<\/li>\n<li>Moderation Pressekonferenzen LANXESS arena<\/li>\n<li>Moderation von zwei Stages beim BrandEx-Festival im Rahmen der Best of Events, Dortmund<\/li>\n<li>Moderation Networking \u2013 Tag \/ Pr\u00e4sentation der neuen LED \u2013 Technik der LANXESS arena, K\u00f6ln<\/li>\n<li>Moderation Er\u00f6ffnungsfeier TK Maxx im Centro Oberhausen<\/li>\n<li>BEA (INA AWARD) \u2013 Preisverleihung auf der Best of Event, Westfalenhallen<\/li>\n<li>Gewinner des NAWUMO-Awards, Studieninstitut f\u00fcr Kommunikation, D\u00fcsseldorf<\/li>\n<li>Oktoberfest, Kurpfalz-Center, Mannheim, 2017<\/li>\n<li>M\u00f6max Jubil\u00e4um \u2013 Gewinnspiel, Hirschaid<\/li>\n<li>Abend Spielshow der Hochschule \u201eSchlag den Lord\u201c<\/li>\n<li>Moderation Big-Band-Konzert<\/li>\n<li>Moderation Winzermesse, Remspark Center, Waiblingen<\/li>\n<li>Sidekick-Moderation Karneval 2015, Morning Show, Antenne Koblenz<br \/>\nuvm.<\/li>\n<\/ul>\n<p>KURZVITA<\/p>\n<ul>\n<li>Pressesprecher \/ Leitung Presse &amp; \u00d6ffentlichkeitsarbeit LANXESS arena K\u00f6ln<\/li>\n<li>Gesangsausbildung Modern Music School, seit 2019<\/li>\n<li>Bereichsleitung MEDIA, IHF Handball-Weltmeisterschaft 2019<\/li>\n<li>Studium Sportjournalismus\/Sportmarketing, Abschluss 2018<\/li>\n<li>Assistant Manager 2017 IIHF Eishockey-Weltmeisterschaft, 2017<\/li>\n<li>TV Praktikum RTL, 2016<\/li>\n<li>H\u00f6rfunkpraktikum bei RPR1, 2015<\/li>\n<li>H\u00f6rfunkpraktikum bei Antenne Koblenz 2014\/2015<\/li>\n<li>Moderatorenschule Baden-W\u00fcrttemberg: Kompaktausbildung TV Moderation 2014<\/li>\n<\/ul>\n","protected":false},"author":613,"template":"","meta":{"_candidate_email":"carsten.heling@gmail.com","_candidate_title":"Moderator Event\/Gala\/Messe","_candidate_location":"K\u00f6ln","_candidate_photo":"https:\/\/www.moderatorenwerk.de\/jobs\/wp-content\/uploads\/job-manager-uploads\/candidate_photo\/2023\/08\/Screenshot-2023-07-17-102620.png","_featured":0},"resume-skill":[1749,1751,1752,783,1750],"class_list":["post-11782","resume","type-resume","status-publish","hentry","resume_skill-buehnenerfahrung","resume_skill-mikrofonerfahrung","resume_skill-musikexperte","resume_skill-sportexperte","resume_skill-trainierte-stimme"],"_links":{"self":[{"href":"https:\/\/www.moderatorenwerk.de\/jobs\/wp-json\/wp\/v2\/resumes\/11782","targetHints":{"allow":["GET"]}}],"collection":[{"href":"https:\/\/www.moderatorenwerk.de\/jobs\/wp-json\/wp\/v2\/resumes"}],"about":[{"href":"https:\/\/www.moderatorenwerk.de\/jobs\/wp-json\/wp\/v2\/types\/resume"}],"author":[{"embeddable":true,"href":"https:\/\/www.moderatorenwerk.de\/jobs\/wp-json\/wp\/v2\/users\/613"}],"wp:attachment":[{"href":"https:\/\/www.moderatorenwerk.de\/jobs\/wp-json\/wp\/v2\/media?parent=11782"}],"wp:term":[{"taxonomy":"resume_skill","embeddable":true,"href":"https:\/\/www.moderatorenwerk.de\/jobs\/wp-json\/wp\/v2\/resume-skill?post=11782"}],"curies":[{"name":"wp","href":"https:\/\/api.w.org\/{rel}","templated":true}]}}

<p>REFERENZEN (Auszug)</p>
<ul>
<li>Moderation Außenbühne EHF Final 4 2024 (Handball ChampionsLeague Finale), LANXESS arena, Köln</li>
<li>Moderation Außenbühne EHF Final 4 2023 (Handball ChampionsLeague Finale), LANXESS arena, Köln</li>
<li>Werbesprecher diverser Online-Projekte (laufend)</li>
<li>Moderation/Mitwirkung Aufzeichnung Comedy-Lesung 4 Feinde, Literaturhaus Köln</li>
<li>Moderation Pressekonferenzen LANXESS arena</li>
<li>Moderation von zwei Stages beim BrandEx-Festival im Rahmen der Best of Events, Dortmund</li>
<li>Moderation Networking – Tag / Präsentation der neuen LED – Technik der LANXESS arena, Köln</li>
<li>Moderation Eröffnungsfeier TK Maxx im Centro Oberhausen</li>
<li>BEA (INA AWARD) – Preisverleihung auf der Best of Event, Westfalenhallen</li>
<li>Gewinner des NAWUMO-Awards, Studieninstitut für Kommunikation, Düsseldorf</li>
<li>Oktoberfest, Kurpfalz-Center, Mannheim, 2017</li>
<li>Mömax Jubiläum – Gewinnspiel, Hirschaid</li>
<li>Abend Spielshow der Hochschule „Schlag den Lord“</li>
<li>Moderation Big-Band-Konzert</li>
<li>Moderation Winzermesse, Remspark Center, Waiblingen</li>
<li>Sidekick-Moderation Karneval 2015, Morning Show, Antenne Koblenz<br />
uvm.</li>
</ul>
<p>KURZVITA</p>
<ul>
<li>Pressesprecher / Leitung Presse &amp; Öffentlichkeitsarbeit LANXESS arena Köln</li>
<li>Gesangsausbildung Modern Music School, seit 2019</li>
<li>Bereichsleitung MEDIA, IHF Handball-Weltmeisterschaft 2019</li>
<li>Studium Sportjournalismus/Sportmarketing, Abschluss 2018</li>
<li>Assistant Manager 2017 IIHF Eishockey-Weltmeisterschaft, 2017</li>
<li>TV Praktikum RTL, 2016</li>
<li>Hörfunkpraktikum bei RPR1, 2015</li>
<li>Hörfunkpraktikum bei Antenne Koblenz 2014/2015</li>
<li>Moderatorenschule Baden-Württemberg: Kompaktausbildung TV Moderation 2014</li>
</ul>

Köln
