{"id":11087,"date":"2023-05-21T20:24:11","date_gmt":"2023-05-21T18:24:11","guid":{"rendered":"https:\/\/www.moderatorenwerk.de\/jobs\/?post_type=resume&#038;p=11087"},"modified":"2023-07-11T13:53:35","modified_gmt":"2023-07-11T11:53:35","slug":"corinna-kleinekoenen","status":"publish","type":"resume","link":"https:\/\/www.moderatorenwerk.de\/jobs\/Lebenslauf\/corinna-kleinekoenen\/","title":{"rendered":"Corinna Kleinekoenen"},"content":{"rendered":"<p>TV-Redakteurin und Moderatorin seit 2016<\/p>\n<p>&nbsp;<\/p>\n<p>2016: Volontariat bei &#8222;TVF in Franken GmbH&#8220;<\/p>\n<p>2017: Moderation Sport &#8222;Guten Abend Franken&#8220;, &#8222;ODDSET Sportkabine&#8220;, &#8222;ICE TIGERS MAGAZIN&#8220;<\/p>\n<p>2018: 2. Platz &#8222;NAWUMO Moderationswettbewerb&#8220;<\/p>\n<p>2019: Moderation Rock im Park LIDL Livestage<\/p>\n<p>2020-2022: Social Media Redakteurin und Moderation Presseauftritte<\/p>\n<p>2021: Moderation &#8222;Leistung mit Respekt&#8220; des Badischen Turnerbundes<\/p>\n<p>2022: Moderation &#8222;Leistung mit Respekt II &#8220; des Badischen Turnerbundes<\/p>\n<p>2023: Moderationsworkshop der Berliner Journalistenschule<\/p>\n<p>2023: Moderation &#8222;Germany CUP 2023&#8220;<\/p>\n<p>2023: Anmoderation Pressekonferenzen der&nbsp; &#8222;Special Olympics World Games&#8220;<\/p>\n","protected":false},"author":1290,"template":"","meta":{"_candidate_email":"corinna.kleinekoenen@googlemail.com","_candidate_title":"Moderatorin f\u00fcr TV, Events, Messen & Sport; Webinare & Online-Formate; Sprecherin","_candidate_location":"Mannheim, K\u00f6ln, Frankfurt, N\u00fcrnberg, M\u00fcnchen, Berlin","_candidate_photo":"https:\/\/www.moderatorenwerk.de\/jobs\/wp-content\/uploads\/job-manager-uploads\/candidate_photo\/2023\/06\/Corina-Kleinekoenen-021.jpg","_featured":0},"resume-skill":[48,1709,43,165,304],"class_list":["post-11087","resume","type-resume","status-publish","hentry","resume_skill-deutsch","resume_skill-eishockey","resume_skill-englisch","resume_skill-fussball","resume_skill-sport"],"_links":{"self":[{"href":"https:\/\/www.moderatorenwerk.de\/jobs\/wp-json\/wp\/v2\/resumes\/11087","targetHints":{"allow":["GET"]}}],"collection":[{"href":"https:\/\/www.moderatorenwerk.de\/jobs\/wp-json\/wp\/v2\/resumes"}],"about":[{"href":"https:\/\/www.moderatorenwerk.de\/jobs\/wp-json\/wp\/v2\/types\/resume"}],"author":[{"embeddable":true,"href":"https:\/\/www.moderatorenwerk.de\/jobs\/wp-json\/wp\/v2\/users\/1290"}],"wp:attachment":[{"href":"https:\/\/www.moderatorenwerk.de\/jobs\/wp-json\/wp\/v2\/media?parent=11087"}],"wp:term":[{"taxonomy":"resume_skill","embeddable":true,"href":"https:\/\/www.moderatorenwerk.de\/jobs\/wp-json\/wp\/v2\/resume-skill?post=11087"}],"curies":[{"name":"wp","href":"https:\/\/api.w.org\/{rel}","templated":true}]}}

Moderatorin für TV, Events, Messen & Sport; Webinare & Online-Formate; Sprecherin

Mannheim, Köln, Frankfurt, Nürnberg, München, Berlin
